actor of c and 234.
26
Suppose 4*m + 16 = 0, -5*q + 3*m = -0*m - 392. Calculate the greatest common divisor of 836 and q.
76
Let u(j) = 30*j**3 + 18*j**2 - 61*j - 7. Let x be u(5). Calculate the highest common divisor of 16 and x.
16
Let g = -45 - -75. Let z be (-1)/(g/9 - 3). Let u = z - -19. What is the highest common factor of u and 8?
8
Let y be (-7)/(35/3)*-5. Suppose -40 = -8*o + y*o. Calculate the highest common divisor of 8 and o.
8
Let p = 404 + -334. Let f(b) = 6*b + 2. Let z be f(2). What is the highest common factor of z and p?
14
Let q(k) = -k - 4. Let g be q(-5). Let t be g - (-13 - (-1 - -3)). Calculate the highest common divisor of 2 and t.
2
Let h = 226 + -162. Calculate the greatest common factor of 2 and h.
2
Suppose 0 = 7*x - 149 + 107. Calculate the greatest common factor of 24 and x.
6
Let r(o) = 2*o**3 + 25*o**2 + 17*o + 9. Let v be r(-12). Let n = v - -55. Calculate the greatest common divisor of n and 2.
2
Let g(h) = h**2 + 39*h - 435. Let n be g(10). What is the highest common factor of 220 and n?
55
Let s = 2 - 6. Let g be (-146)/(-4) - (-2)/s. Suppose 21*q - 22*q + 24 = 0. What is the greatest common divisor of q and g?
12
Let n be 35/(-5)*(-36)/7. Let i be 4/(-18) - (-2600)/n. Calculate the greatest common divisor of 18 and i.
18
Let s(r) = 3*r**2 + 4*r - 4. Let z be s(1). Suppose -z*f - 13 = -2*y, f + 1 - 76 = -5*y. Calculate the highest common divisor of 21 and y.
7
Let h be ((-54)/(-6) - 5)*1. Suppose 2*x = -6 - 8. Let k be -2*x/h*66. What is the greatest common divisor of 21 and k?
21
Let x(o) = 2*o - 1. Let v = 76 - 68. Let w be x(v). Calculate the greatest common divisor of w and 9.
3
Let x(p) = p**2 - 5*p - 12. Suppose -36 = -3*v - 4*r, 5*v - 56 + 22 = 2*r. Let w be x(v). Calculate the greatest common divisor of w and 30.
6
Suppose -2*s - 21*t = -22*t - 4, 4*s - 24 = -2*t. Suppose 0 = -2*a + a + 3. Suppose 2*g - 180 = -a*g. Calculate the highest common divisor of s and g.
4
Let n(o) = 7*o**3 + 4*o - 3. Let w = 9 + -6. Let i be n(w). Let p be (19 - -3) + 0/2. Calculate the greatest common factor of p and i.
22
Let z(b) = -b**2 - 16*b - 7. Let q be z(-12). Let y be (-5 - q)*2/(-4). Calculate the greatest common divisor of y and 1.
1
Let x be ((-56)/(-32) + -1)/(6/16). Suppose 4*y - 37 = 3. Suppose 4*d = -2*r + x + y, 8 = 2*r + 2*d. Calculate the greatest common factor of r and 5.
1
Let a = -130 + 169. Suppose 12 = 2*b - 40. What is the highest common divisor of a and b?
13
Let y = -389 + 554. Calculate the highest common factor of y and 30.
15
Let t(q) = 5*q + 15. Let d be t(-6). Let p = -4 - d. What is the greatest common factor of p and 88?
11
Let c(v) = 175*v**2 + 47*v**2 + 68*v**2 + 3*v. Let x be c(-2). Suppose -210 = 3*f + 2*l - 1086, -4*f = -2*l - x. What is the greatest common factor of f and 29?
29
Let k be 1 + -1 - (-24 + 0). Let l be (-24)/10*50/(-20). Suppose 0*q = 2*q - o - l, -o - 3 = -q. Calculate the highest common factor of k and q.
3
Let x be 1 - ((9 - 5) + -8). Suppose -3*c + x*d + 34 = -1, 4*d = -c - 11. What is the greatest common divisor of c and 25?
5
Suppose 3*n + 61 = -2*y, n - 108 = -0*y + 3*y. Let i be (-14)/y - 246/(-10). Calculate the greatest common divisor of 25 and i.
25
Let m be (-3 - 1)/(-4) - -87. Suppose -m + 70 = -2*j. Calculate the greatest common divisor of 9 and j.
9
Let y be 3/12*6*2. Let q(c) = 4*c**3 - 4*c**2 + 2*c + 2. Let a be q(y). Let d = 261 - 251. Calculate the highest common factor of d and a.
10
Suppose -2*c - 14 = -6. Let p be (c/3)/(2/(-48)). Calculate the greatest common factor of 48 and p.
16
Let v be 6 + 56/196 + (-5)/(-7). Suppose 0 = -3*a + 3*r - 8 + 29, 0 = -3*r. Calculate the highest common divisor of v and a.
7
Let v(d) = 2*d**3 + 14*d**2 + 7*d + 10. Let t be v(-5). What is the highest common factor of 25 and t?
25
Let f be 4*5/15*3. Suppose f*h = -h + 225. What is the greatest common divisor of h and 5?
5
Suppose -83 = c - 181. What is the greatest common factor of c and 14?
14
Suppose -3*a - w = -7*a + 906, -2*a + 460 = 3*w. Let c = a - 123. What is the greatest common factor of 13 and c?
13
Suppose 5 = -5*q + 5*l, l - 13 = -5*q - 0*l. Suppose q*i - 20 = 4*k, i - 2*i = -5*k - 13. What is the greatest common factor of i and 2?
2
Let m = -12703 + 12709. Let k be (-3 + 2)*-1 - -15. What is the highest common factor of k and m?
2
Let n be 3410/275 + 1/((-5)/(-3)). Calculate the highest common factor of n and 403.
13
Suppose 51*l = 39*l + 18288. What is the greatest common divisor of 12 and l?
12
Let j(p) = p**3 + 5*p**2 + p + 2. Let m be j(4). Let a(l) = -14*l + 1. Let w be a(-1). Calculate the greatest common factor of w and m.
15
Let j = -368 - -498. Calculate the highest common divisor of 30 and j.
10
Let z be (-2394)/(-5)*(-15 - -20). Calculate the highest common factor of 133 and z.
133
Suppose 70 = 40*u - 35*u. What is the greatest common divisor of 154 and u?
14
Suppose 5*w + 248 = 1033. Suppose -3*u - 266 = -5*f + w, -167 = -2*f - u. Calculate the highest common divisor of f and 12.
12
Let u = 580 - 184. Suppose 2*f + 2*k - 2 = 62, -172 = -5*f - 2*k. Calculate the greatest common divisor of f and u.
36
Let t = 9 - 15. Let a = t - -9. Suppose a*f - 525 = -2*f. What is the highest common divisor of 15 and f?
15
Suppose -41*x = 1111 - 2095. Suppose -5*s = -4*s - 2*o - 66, -3*s - 3*o + 225 = 0. What is the greatest common divisor of x and s?
24
Suppose 4*f - 220 = -0*f. Suppose -2*h = -7 - 7. Suppose h*c = 11*c - 44. Calculate the highest common factor of f and c.
11
Let r(a) = -a**2 - 3*a + 4. Let u be r(1). Suppose -2*d = -4*p + 622, 3*p + d - 6*d - 484 = u. What is the greatest common factor of p and 17?
17
Let l(a) = 2*a + 3. Let k be l(0). Suppose -k*q + 22 + 3 = v, 4*q - 24 = -v. What is the highest common factor of v and 70?
14
Let n be (1*-1)/(4/(-12)). Suppose 39*t = 36*t + a + 8, -3*a + 6 = t. What is the highest common divisor of t and n?
3
Suppose -2*j + 102 = -3*r, -r + 46 + 48 = 2*j. What is the highest common divisor of 9 and j?
3
Suppose q + 0*q + 53 = 2*n, 4*n + 2*q = 110. Suppose 5*x + n = -3. Let h = 8 + x. Calculate the greatest common factor of 2 and h.
2
Suppose 61 + 54 = 5*t + z, 85 = 5*t - 5*z. Suppose t + 53 = 3*f. What is the highest common factor of f and 25?
25
Let y be 2 + 5/5 + 2. Suppose -z - 96 = -y*z. What is the greatest common factor of 192 and z?
24
Let u(m) be the third derivative of m**4/24 - 2*m**3/3 - 5*m**2. Let g be u(6). Calculate the greatest common factor of g and 16.
2
Suppose 0*m + 15 = 5*m. Suppose -4*w - 40 + 208 = -a, -5*w + 870 = -5*a. Let k = a + 182. Calculate the highest common factor of m and k.
3
Let l(c) = c + 15. Let u be l(-8). Let j be (4 - u)/(12/(-16)). Let n be (0 + (3 - j))*-8. Calculate the highest common factor of n and 48.
8
Let m = 1 - 25. Let z(x) = 2*x**2 - 16*x + 8. Let a be z(10). Let t = a + m. Calculate the greatest common factor of 8 and t.
8
Suppose -32*i + 2410 + 3510 = 0. What is the highest common factor of 10 and i?
5
Let l(t) = 8*t - t**3 - 6*t + 0*t - 3*t**2 + 4 - t**3. Let a = -5 + 3. Let w be l(a). Calculate the greatest common factor of w and 44.
4
Let p = -8 - 35. Let r = p + 93. What is the highest common divisor of 20 and r?
10
Suppose -5*s + 186 = 26. Let r = s - -4. Suppose 0*d - r = -3*d. Calculate the highest common factor of d and 8.
4
Let b = -2429 + 2507. Calculate the greatest common divisor of 3237 and b.
39
Suppose -7*z + 2417 = 177. What is the greatest common divisor of 40 and z?
40
Let u be 3 + (-1412)/(-52) - 70/455. What is the highest common divisor of 675 and u?
15
Suppose 2*r - 560 = -38*r. What is the highest common factor of 4634 and r?
14
Let f = -156 - -236. What is the highest common factor of f and 40?
40
Let k(z) = -z**2 - 4*z + 9. Let n(x) = x**2 - 8*x + 11. Let b be n(4). Let q be k(b). Suppose 182 = q*l + 38. Calculate the highest common factor of l and 4.
4
Let z(y) = y**2 - 5. Let x be z(7). Suppose 3*t + 6 = 3*c, 0 = -4*c - 0*c - 12. Let a = 6 - t. Calculate the highest common factor of x and a.
11
Let g(h) = h - 4. Let m be g(8). Suppose -2*y + 5*y = 0, -m*y = r - 11. What is the highest common factor of 77 and r?
11
Suppose -818 - 311 = -2*u - 5*o, o - 1109 = -2*u. Calculate the greatest common factor of 138 and u.
138
Suppos